e the greatest common factor of 590 and 10.
10
Calculate the greatest common factor of 11 and 253.
11
What is the highest common divisor of 149 and 3427?
149
What is the greatest common divisor of 867 and 51?
51
What is the highest common divisor of 19 and 1159?
19
Calculate the highest common factor of 756 and 108.
108
What is the highest common factor of 8460 and 300?
60
Calculate the greatest common factor of 468 and 13.
13
Calculate the highest common divisor of 24 and 376.
8
Calculate the greatest common divisor of 2312 and 8.
8
Calculate the highest common factor of 448 and 64.
64
What is the highest common factor of 51 and 4760?
17
Calculate the highest common factor of 300 and 36.
12
Calculate the greatest common divisor of 2420 and 55.
55
What is the highest common factor of 861 and 164?
41
Calculate the highest common divisor of 108 and 12.
12
Calculate the highest common factor of 221 and 17.
17
What is the highest common factor of 26 and 2197?
13
Calculate the greatest common divisor of 357 and 63.
21
What is the highest common divisor of 2109 and 111?
111
What is the greatest common factor of 195 and 15?
15
Calculate the greatest common divisor of 2924 and 1032.
172
Calculate the greatest common divisor of 4922 and 428.
214
What is the highest common divisor of 13910 and 10?
10
What is the highest common divisor of 18 and 1062?
18
What is the highest common factor of 680 and 1200?
40
Calculate the highest common divisor of 504 and 280.
56
What is the highest common factor of 4284 and 1008?
252
What is the greatest common factor of 3 and 1401?
3
What is the greatest common factor of 2714 and 59?
59
Calculate the greatest common divisor of 176 and 1331.
11
What is the highest common divisor of 115 and 1035?
115
What is the greatest common factor of 500 and 20?
20
Calculate the greatest common factor of 13 and 4.
1
Calculate the highest common factor of 5069 and 37.
37
Calculate the highest common divisor of 12 and 1476.
12
Calculate the highest common divisor of 624 and 1104.
48
Calculate the greatest common factor of 230 and 69.
23
Calculate the highest common divisor of 16 and 752.
16
What is the greatest common divisor of 2501 and 205?
41
What is the highest common divisor of 60 and 22815?
15
Calculate the greatest common divisor of 196 and 784.
196
Calculate the greatest common factor of 1233 and 2192.
137
Calculate the highest common factor of 25 and 1475.
25
What is the greatest common divisor of 112 and 72?
8
Calculate the highest common factor of 12 and 162.
6
Calculate the greatest common factor of 1573 and 143.
143
Calculate the highest common factor of 60 and 270.
30
Calculate the highest common factor of 770 and 330.
110
Calculate the greatest common factor of 8 and 2.
2
What is the greatest common divisor of 3297 and 147?
21
What is the highest common factor of 920 and 345?
115
What is the highest common factor of 290 and 10?
10
Calculate the greatest common divisor of 32868 and 166.
166
Calculate the highest common divisor of 51084 and 66.
66
What is the highest common factor of 627 and 165?
33
What is the highest common divisor of 27501 and 267?
267
Calculate the highest common divisor of 1702 and 414.
46
What is the highest common divisor of 31 and 1829?
31
Calculate the greatest common factor of 56 and 301.
7
Calculate the highest common factor of 519 and 9.
3
Calculate the highest common factor of 5421 and 39.
39
Calculate the greatest common factor of 2959 and 4304.
269
Calculate the highest common factor of 14976 and 117.
117
What is the highest common factor of 120 and 156?
12
What is the highest common divisor of 254 and 2286?
254
Calculate the highest common factor of 28 and 16884.
28
Calculate the greatest common factor of 42 and 189.
21
Calculate the highest common factor of 145 and 58.
29
What is the greatest common factor of 14097 and 111?
111
What is the highest common divisor of 684 and 648?
36
Calculate the greatest common factor of 42 and 1614.
6
Calculate the highest common divisor of 128 and 88.
8
What is the greatest common factor of 165 and 44?
11
What is the highest common divisor of 1265 and 575?
115
Calculate the highest common divisor of 36 and 909.
9
What is the greatest common divisor of 682 and 124?
62
What is the greatest common divisor of 1218 and 12?
6
Calculate the greatest common divisor of 36 and 1284.
12
What is the greatest common factor of 21 and 609?
21
What is the highest common factor of 42 and 88767?
21
Calculate the highest common factor of 13 and 117.
13
What is the highest common divisor of 60 and 816?
12
What is the greatest common factor of 24 and 516?
12
What is the greatest common divisor of 611 and 13?
13
What is the greatest common divisor of 7257 and 708?
177
What is the greatest common divisor of 9176 and 222?
74
Calculate the highest common divisor of 85609 and 59.
59
What is the greatest common divisor of 3390 and 66?
6
Calculate the greatest common factor of 34 and 3706.
34
Calculate the highest common factor of 20 and 100.
20
What is the highest common factor of 10 and 35?
5
Calculate the highest common factor of 5412 and 1716.
132
What is the highest common divisor of 4 and 68?
4
What is the greatest common factor of 55 and 3465?
55
What is the greatest common divisor of 273 and 351?
39
Calculate the highest common divisor of 49 and 539.
49
Calculate the greatest common divisor of 111 and 6.
3
Calculate the highest common factor of 338 and 234.
26
Calculate the highest common factor of 1924 and 296.
148
Calculate the greatest common factor of 30 and 140.
10
Calculate the highest common factor of 21 and 336.
21
Calculate the greatest common divisor of 825 and 75.
75
Calculate the greatest common divisor of 165 and 19525.
55
What is the highest common factor of 4 and 1068?
4
Calculate the greatest common divisor of 813 and 57.
3
Calculate the highest common factor of 299 and 46.
23
What is the highest common factor of 79 and 4187?
79
What is the highest common factor of 2625 and 195?
15
Calculate the greatest common factor of 1299 and 3.
3
Calculate the highest common factor of 156 and 36.
12
What is the highest common factor of 23 and 2461?
23
Calculate the greatest common divisor of 81 and 171.
9
What is the greatest common factor of 100 and 80?
20
Calculate the greatest common factor of 285 and 30.
15
What is the greatest common factor of 125 and 95?
5
Calculate the highest common factor of 3 and 546.
3
Calculate the highest common factor of 105 and 1305.
15
Calculate the highest common factor of 260 and 4.
4
What is the greatest common factor of 1200 and 775?
25
Calculate the highest common factor of 3546 and 7486.
394
Calculate the highest common factor of 33 and 979.
11
Calculate the highest common divisor of 9 and 27711.
9
Calculate the greatest common factor of 790 and 1422.
158
What is the highest common divisor of 146 and 657?
73
Calculate the highest common factor of 1311 and 276.
69
Calculate the greatest common factor of 560 and 3340.
20
Calculate the greatest common factor of 228 and 532.
76
Calculate the highest common factor of 21387 and 3.
3
Calculate the highest common divisor of 7168 and 7.
7
What is the greatest common factor of 39 and 28431?
39
Calculate the greatest common divisor of 3235 and 5.
5
What is the greatest common factor of 456 and 380?
76
Calculate the greatest common factor of 357 and 2040.
51
What is the greatest common divisor of 1786 and 76?
38
Calculate the greatest common factor of 98 and 245.
49
Calculate the highest common factor of 168 and 21560.
56
What is the greatest common divisor of 615 and 15?
15
Calculate the highest common factor of 32 and 1048.
8
What is the highest common factor of 16 and 40816?
16
What is the highest common divisor of 17 and 391?
17
What is the highest common factor of 2834 and 26?
26
Calculate the greatest common divisor of 3432 and 198.
66
What is the highest common divisor of 92 and 32?
4
What is the greatest common factor of 11 and 17?
1
What is the highest common factor of 330 and 152130?
330
What is the highest common factor of 65 and 169?
13
What is the highest common divisor of 25 and 6400?
25
What is the greatest common divisor of 120 and 276?
12
Calculate the highest common factor